it of o?
0
Suppose 4*b + b + 5 = 0, 0 = -5*a - 4*b + 61. Suppose -4*s - a = -5*w - 337, 2*s - 3*w = 164. What is the units digit of s?
6
Let o(t) = -80*t**3 - 1. Let s be (-1376)/36 + -1 - (-6)/27. Let h = 38 + s. What is the tens digit of o(h)?
7
Let v(m) = m**3 + 6*m**2 + 5*m - 8. Let w be v(-4). Suppose -b + 35 = k, 0 = -b + w*k + 6 + 19. What is the tens digit of 4263/b - (-5 + (-57)/(-11))?
2
Suppose -2*z + 1 = 13. Let p = -547 + 533. What is the units digit of (7 + p + -208)*z/5?
8
Let a(c) = -5*c - 81 + 2*c - 5*c. What is the tens digit of a(-21)?
8
Let d = -82 + 68. Let m be (-8)/d*(-7)/(-2). What is the units digit of 195/25 - (1 - m/10)?
7
Let y(j) = 768*j - 688. What is the tens digit of y(2)?
4
Let j(k) = -1570*k + 282. What is the tens digit of j(-3)?
9
Let f be 278248/12 + 4 + 2/3. Suppose 28*u = -4096 + f. What is the units digit of u?
2
Suppose 0 = -11*j + 6*j - 40. Let v be (-133)/(2/(-14)*14/j). Let c = -376 - v. What is the hundreds digit of c?
1
Let m = -161449 - -231919. What is the thousands digit of m?
0
Suppose 2*w - 38224 = 5*h, -4*h + 1200 = -w + 20309. What is the thousands digit of w?
9
Let s(m) = -3859*m - 2484. What is the tens digit of s(-7)?
2
Suppose -791 = -2*u - 2*g - g, 0 = 2*u - g - 795. What is the tens digit of ((-12)/12)/((-1)/u)?
9
Let y be 10982/(-238) + (1 - (-12)/(-14)). Let q = y + 240. What is the hundreds digit of q?
1
Let n(h) = 7*h**3 + 8*h**2 - 8*h + 11. Let t(k) = 1 - 4*k + k**3 - 2 + 2 + 5*k. Let o(u) = -n(u) + 6*t(u). What is the units digit of o(-10)?
5
Suppose 1312*x = 1199*x + 5982672. What is the hundreds digit of x?
9
Suppose -2 = -3*w + 4*r, -2*r + 10 + 4 = -4*w. What is the units digit of (w/30*-335)/1?
7
Let z(c) = c**2 + 18*c + 8541. What is the hundreds digit of z(0)?
5
Let x(o) = -11*o + 9. Let s be x(0). Let v(h) = -h**2 + 11*h - 20. Let l be v(s). What is the tens digit of (-3*5)/((-11)/l - 6)?
3
Suppose 0 = -20*x + 17*x + 6. Suppose 0 = -x*l - 83 + 205. Suppose -l + 12 = -m. What is the tens digit of m?
4
Let k = 22338 - 12342. What is the hundreds digit of k?
9
Suppose -15*m + 52 = -23. Suppose -m*t - 817 = -4*u, -8*t + 6*t + 6 = 0. What is the hundreds digit of u?
2
Let u(o) = 17*o**2 + 22*o + 887. What is the ten thousands digit of u(34)?
2
Suppose 26*a + 9 = 23*a. Let t be (-1 - -2)*(-5)/(-15)*a. What is the units digit of 4/t + 258/2 + -1?
4
Suppose 23*q - 154 = 214. Suppose 0 = -30*k + 29*k - 4*v + 400, -q = -4*v. What is the tens digit of k?
8
Suppose 5*p - 5*t - 45210 = 0, 4*p + 10*t = 9*t + 36138. What is the tens digit of p?
3
Let t be (60/(-30))/(2/646). What is the tens digit of ((-3)/2)/(17/t)?
5
Let v(f) = 58 + 40*f - 78 + 13. Let l = 2 - -1. What is the units digit of v(l)?
3
Suppose a = 3*g + 12854, g = -12*a + 17*a - 64326. What is the hundreds digit of a?
8
Suppose -5*i - 2*x + 4186 = x, 2506 = 3*i - x. Suppose -7*k + 1383 = -i. What is the hundreds digit of k?
3
What is the ten thousands digit of (1 - 6)*(-55)/(1925/531769)?
7
Let u be 976 - (86/(-18) - 4/18). Suppose 2*y + 3*b - 1935 = 0, -11*b = -y - 8*b + u. What is the hundreds digit of y?
9
Let f be (2 + 22)*-12*(-7)/(-63). What is the tens digit of ((-112)/f)/(1/(71 - 3))?
3
Let x(a) = -6*a**2 + 34*a - 1. Let u be x(12). What is the hundreds digit of 0 - u - (2 + 1)?
4
Suppose 14 + 1 = -3*f. Let g(k) = -2*k**3 + 11*k + 25. What is the tens digit of g(f)?
2
Suppose j - 1057 = 5*k, 17*j + 3145 = 20*j - 2*k. What is the hundreds digit of j?
0
Let r = 1077 - 1043. Suppose 0*h - 30 = -3*h. Suppose 4*w - h - r = 0. What is the units digit of w?
1
Let q = 1669 + 4074. What is the units digit of q?
3
Let r be 5*(3 - 1/(-5)). Suppose -21*i + 25*i = r. Suppose z = i*o + 104, -5*o = -4*z - o + 440. What is the tens digit of z?
1
Let w(j) = 786*j**3 + 5*j**2 - 8*j + 17. What is the tens digit of w(2)?
0
Let b = -68 - -235. Suppose 0 = 7*w - b - 190. What is the units digit of w?
1
Suppose 62*n = 57*n + 25. Let b(p) = p**3 - 11*p**2 - 10*p - 3. Let g be b(12). Let h = g + n. What is the tens digit of h?
2
What is the units digit of (-1)/(-4) + ((-46607)/10)/((-286)/715)?
2
Let j be ((-14)/(-3))/(32/48). Suppose 0 = -j*h + 13 + 1. Suppose -g - 7*s = -4*s - 23, h*s - 42 = -2*g. What is the units digit of g?
0
Suppose -4 = -w, 5*s - 31660 + 4321 = 4*w. What is the tens digit of s?
7
Suppose -38*n - 117*n + 6545400 = 45*n. What is the tens digit of n?
2
Let r(o) = o - 1. Let x(w) = -7*w + 50. Let s(n) = -4*r(n) - x(n). Let a be s(16). Let i = a - -51. What is the tens digit of i?
5
Let m = 1890 - 28. Suppose 4*q - m = 5*z, 3*q + z - 476 = 911. What is the units digit of q?
3
Let x(z) = -15*z**2 - 4. Let n(k) = -10*k**2 - 3. Let w = -9 - -16. Let y(l) = w*n(l) - 5*x(l). What is the units digit of y(1)?
4
Suppose 24 = 2*h - 4*t, 6*h - 21 = 4*h + 5*t. Suppose i - 20 = 2*n + 3*i, -4*n - i = 55. What is the units digit of h/(-7)*(n + (-5)/(-5))?
6
Let j = -63516 - -95063. What is the tens digit of j?
4
Let r(s) = 47*s - 63. Let q be r(24). Suppose 3*b - q = 1563. What is the hundreds digit of b?
8
Suppose -4346 = -5*p + 1224. Suppose 0 = -2*z + 6*z + 3*b - 1110, -4*z = b - p. What is the tens digit of z?
7
Let u(f) = f**2 - 455*f + 54906. What is the hundreds digit of u(0)?
9
What is the units digit of (536 - -7409) + 2*(-9)/2?
6
Suppose 601640 = 35*a - 1157600. What is the tens digit of a?
6
Let l(f) = 3*f**2 - 6*f. Suppose 0 = -3*j - 5*h + 56, 2*j - 4*h + h - 12 = 0. Suppose 50 = -2*n + j*n. What is the units digit of l(n)?
5
Let v = 36827 - 10022. What is the hundreds digit of v?
8
What is the tens digit of (1 + 5 + (8229 - 53))*1?
8
Suppose 0 = -9*z + 8 + 10. What is the tens digit of (-8)/3 + z - (-4370)/30?
4
Let x(n) = 30*n**2 + 3*n. Let i be x(-4). Suppose -9 = -3*l + 264*c - 263*c, 4*l - 4*c = 12. Suppose q = -l*q + i. What is the hundreds digit of q?
1
Let y(m) = -4*m + 55. Let o be y(12). Let j be 2/o - ((-16)/7)/(-8). Suppose 2*b - 38 = 5*s - 767, -3*s + 5*b + 426 = j. What is the tens digit of s?
4
Suppose 5*l = 4*l + 224. Suppose l - 32 = -4*d. What is the tens digit of (-56)/6*13/(52/d)?
1
Suppose -1 = -2*n + 3. Let y(h) = -5 - 5*h + h**2 + h**n + 11*h. What is the tens digit of y(-9)?
0
What is the units digit of ((-58833)/(-162) + 9/(-2))*129/2?
4
Suppose n - 109*c = -111*c + 39859, n - c - 39868 = 0. What is the units digit of n?
5
Suppose -5*i + 2013 = 7*t - 6*t, -6 = 3*t. Let n = i + -201. What is the hundreds digit of n?
2
Suppose 0 = -2*o - 2*t + 54860 + 48030, -3*t + 257231 = 5*o. What is the units digit of o?
8
Let a(m) be the first derivative of -6*m**2 + 34*m + 307. Let o(k) = k**3 + 4*k**2 + 4*k + 3. Let p be o(-4). What is the tens digit of a(p)?
9
Let b(y) = -3*y. Let s be b(0). Suppose -6*m + 137 + 43 = s. Let a = m + -24. What is the units digit of a?
6
Let l(j) = j**3 - 6*j**2 - 27*j + 7. Let u be l(9). Suppose t + 4*z - 771 = 0, -u*z = -t - 12*z + 768. What is the units digit of t?
3
Suppose 38*x - 180 = 53*x. Let h(a) = -30*a + 128. What is the units digit of h(x)?
8
Let z(h) = h**3 + 12*h**2 + 4*h - 18. Let r be z(-6). Let u be (-1 + 191)/(-2) - 0. Let f = r + u. What is the tens digit of f?
7
Let b be -1*(2 + -4 - -3) + 40. Suppose b*d - 26*d - 10400 = 0. What is the units digit of d?
0
Suppose 5*t + y = 21571 - 3520, 0 = 5*y + 20. What is the tens digit of t?
1
What is the ten thousands digit of 5 + (-53)/11 - ((-147893)/11 - 3)?
1
Let k = 48 - 48. Suppose k = -2*p - 2*p - 8, -n + p = -540. What is the units digit of n?
8
Suppose 0 = -30*a - 4 - 26. What is the tens digit of (0 - 572/8)/(a/6)?
2
Let h(v) = v**2 + 4*v + 5. Let p(j) = -j**3 + 5*j**2 + j + 5. Let o be p(5). Let a be h(o). Let r = a + -74. What is the units digit of r?
1
Let w = -141 + 144. Suppose 3*z - 3*j + 8*j = 40, 2*z + j = 15. Let a = w + z. What is the units digit of a?
8
Suppose -121 = -5*h - 2*s, 30*s = 2*h + 34*s - 42. Suppose -4*z - 118 = 2*k, 198 = -5*z + 2*k + 46. What is the units digit of (z/h)/((-9)/600)?
0
What is the thousands digit of 8/18 - (13 + 947120/(-90))?
0
Let y(n) = -13*n - 119. Let x be y(-10). Suppose 0 = 5*p - g - 2392, 4*p - x*g = -14*g + 1906. What is the units digit of p?
8
Let c(f) = 440*f + 1263. What is the hundreds digit of c(7)?
3
Let i(h) = 7*h - 15. Let v be i(8). Suppose -329 = 